 of 112 and x?
14
Let j be -2 + 0 + -3 + 8. Suppose -j*k + 4*l = -6*k + 627, 0 = 5*l. What is the highest common divisor of k and 19?
19
Let w be 4 - (-4)/4 - -4. Calculate the highest common divisor of w and 1.
1
Suppose -5*i + 87 = 17. What is the greatest common factor of 14 and i?
14
Let k be (42/(-4))/((-3)/102). Calculate the greatest common divisor of 51 and k.
51
Let h = -9 - -20. Suppose 21 = a - h. Calculate the greatest common factor of a and 160.
32
Suppose 0 = 5*k + 5*x - 70, -4*x = 5*k - 67. Calculate the greatest common factor of k and 55.
11
Suppose 4*f - 234 = 2*f. What is the greatest common divisor of 13 and f?
13
Let i be 1/(-1)*-58 + -2. Let d = -4 - -4. Suppose d = -y + 2*s, -5*y + 3*s + 47 = 19. Calculate the greatest common divisor of y and i.
8
Let a(t) = -23*t + 1. Let c be a(-1). Let y = 5 + 11. What is the greatest common divisor of y and c?
8
Let r be 4/20 + (-778)/(-10). Calculate the highest common factor of r and 6.
6
Suppose 4*n = -0*n + 36. Let v = 5 - 2. Suppose 0 = -o - 3*b + 24, 0*o - v*o + b + 52 = 0. What is the greatest common divisor of n and o?
9
Let m be 1*2 - (-7)/1. Let n(u) = -u**3 - 3*u**2 + 9*u + 13. Let g be n(-5). Calculate the greatest common factor of m and g.
9
Let b = 4 - 9. Let n(x) = -3*x - 2 - 2 - 3. Let m be n(b). What is the highest common divisor of m and 24?
8
Suppose -9 = -3*o + 5*z, 0 = -4*o - z - 10 - 1. Let l(n) = -n. Let j be l(o). Calculate the greatest common divisor of 18 and j.
2
Let k(h) = 2*h + 1. Let z be k(2). Suppose -z = 5*x, 104 = 5*s + 3*x - 2*x. Calculate the highest common divisor of s and 21.
21
Suppose 4*b + 136 = -0*b. Let u = 57 + b. What is the highest common factor of 253 and u?
23
Let h = -38 - -48. Calculate the highest common factor of 90 and h.
10
Let b = 165 + -86. Let u = 211 - b. What is the greatest common factor of 12 and u?
12
Let c be 2 - (-2 + 0/3). Suppose 4*o + 1 = c*m - 27, 3*o + 9 = 0. Suppose 3*s - 43 = -m*l + 29, 23 = s + l. What is the greatest common divisor of 8 and s?
4
Let v = 433 - 301. Calculate the highest common factor of v and 6.
6
Let k be 34/(-153) - (-272)/9. What is the greatest common factor of 10 and k?
10
Suppose 4*o - 264 = o. Calculate the greatest common divisor of o and 8.
8
Suppose -2*w + 18 = -6. Suppose -6*x + 11*x = 60. What is the highest common divisor of x and w?
12
Suppose -u + 8 = 4. What is the greatest common divisor of 28 and u?
4
Let u be -2*-2*18/8. Suppose -u = -3*p + 12. Calculate the highest common divisor of 49 and p.
7
Let i = -30 + 49. Suppose 5*y + 0*g - 758 = 2*g, 4*g = 4. Calculate the highest common divisor of y and i.
19
Let b be -3 - (4 - 1 - 2). Let t(w) = -52*w + 1. Let z be t(b). What is the highest common divisor of 19 and z?
19
Suppose -u = 10*u - 143. Let f = 147 - 95. What is the greatest common factor of f and u?
13
Suppose y + 3*k - 1 = 0, 4*k = -2*y + 7*y - 24. Suppose 0 = -y*d + 7 + 17. Calculate the greatest common factor of d and 24.
6
Let s(g) = -g**3 - 2*g**2 + 2*g - 2. Suppose 0 = h + 2*h + 6. Let t be (-10)/4 - h/(-4). Let d be s(t). Calculate the greatest common factor of d and 1.
1
Let p = 3 - -5. Calculate the highest common factor of 1 and p.
1
Suppose -k + 3*l = -13, -3 + 0 = 5*k + 2*l. Suppose 10 = 3*x + k. Suppose -g - x*u - 4 = -6, -u = -g + 18. What is the highest common divisor of g and 14?
14
Let b = -53 - -81. Let j(u) = -u**2 + 11*u - 21. Let k be j(7). Calculate the highest common factor of k and b.
7
Suppose 4*j = -3*i + 6 + 11, 0 = 3*j + 2*i - 13. Suppose d = j*d - 36. Calculate the highest common factor of d and 1.
1
Let h be (-6 - -3)/(-3) - 16/(-4). What is the greatest common factor of 40 and h?
5
Let z be 1/((4/(-3))/(-4)). Let y(j) = j**2 - 3*j**2 + 0*j**2 + 2*j + 2*j**3. Let p be y(z). What is the highest common factor of 14 and p?
14
Let p = 77 + -55. Let a(b) = b**2 + 8*b + 7. Let f be a(-7). Suppose 2*k = -f*k + p. Calculate the highest common divisor of 55 and k.
11
Let x = 10 - -24. What is the highest common divisor of 306 and x?
34
Suppose x = 4*x - 18. Let z = -3 + 9. Suppose 0 = g - z. What is the highest common divisor of x and g?
6
Suppose 9 = 3*y - l + 1, -2*l = -4*y + 14. Suppose -3*u + y = -2*u, -3*b + 3*u + 177 = 0. What is the highest common divisor of 12 and b?
12
Let h = 65 + 27. Let j = h - 60. Let z(u) = -3*u + 1. Let x be z(-1). What is the highest common divisor of j and x?
4
Let a = 69 + -31. Let j(d) = -d**3 - 4*d**2 + 5*d + 6. Let q be j(-5). Let l be 2/q + 56/3. What is the greatest common divisor of l and a?
19
Let p be 1 + (-5 - 9*-6). Calculate the greatest common factor of p and 20.
10
Suppose -2*c + 15 = 3*c. Suppose 2*i = -2*y + 6, -y + 4*i = c*y - 52. Let w be 30 - (-2 + 2) - -2. What is the greatest common factor of w and y?
8
Let m = 1 + 39. Suppose -m = -2*b - 2*b. Calculate the highest common factor of b and 10.
10
Let u be (3 - (-2 + -2)*2) + -4. What is the greatest common factor of 14 and u?
7
Suppose -3*d + y = 2*y - 1, 0 = d + 3*y + 5. Let o be d*16/(-4)*-3. Calculate the highest common factor of 4 and o.
4
Suppose b - 5*b + 262 = 5*s, b + 2 = 0. What is the greatest common factor of 18 and s?
18
Let y = 4 + 68. What is the highest common factor of y and 48?
24
Let d = -19 + 28. Calculate the greatest common divisor of d and 18.
9
Let d(h) = -h**3 - 5*h**2 - h + 1. Let o be d(-5). Suppose o*j - 2*j - 56 = 0. Let f be (-5)/((-20)/16) - -10. What is the highest common factor of j and f?
14
Suppose y - 28 = -3*y + 2*z, -3*y - 3*z + 12 = 0. What is the highest common factor of y and 4?
2
Let k(i) = 3*i**2 + 3*i + 3. Let f be k(-2). Suppose -5*r + b + 12 = -f, -r - 5*b = 1. Let y be (-4)/(7/r - 2). What is the highest common factor of y and 16?
16
Let o = 263 + -152. What is the highest common divisor of 37 and o?
37
Suppose 15*v - 10*v - 25 = 0. What is the highest common factor of 5 and v?
5
Let v(u) = 17*u + 5. Let c(d) = -d - 1. Let s(n) = 6*c(n) + v(n). Let w be s(1). What is the highest common factor of w and 90?
10
Let w be 2 - 4 - (1 - 0). Let y be (-123)/(0 - 3) - w. What is the highest common factor of 110 and y?
22
Let l = -2 + 3. What is the highest common factor of 5 and l?
1
Suppose -4*w + 40 = -0*w. Suppose 60 = u + u. Let t be ((u*-3)/(-1))/1. What is the greatest common divisor of w and t?
10
Suppose 0 = 37*c - 39*c + 26. What is the highest common divisor of 325 and c?
13
Let b(n) = -18*n + 2. Let o be b(-5). Suppose -g + o = 3*g. What is the highest common factor of 184 and g?
23
Suppose -4*j - s + 0*s = -78, 4*j - 2*s - 84 = 0. Let i be (-11)/((-231)/(-18))*-35. Calculate the greatest common divisor of i and j.
10
Suppose -13*n + 448 = -6*n. Calculate the greatest common divisor of 4 and n.
4
Let b = 13 - 8. Let s(x) = 2*x**2 - 10*x - 3. Let w be s(7). Calculate the highest common factor of b and w.
5
Suppose 0 = -2*b + 3*f - 0*f + 4, -3*b = -f - 6. Calculate the highest common divisor of 16 and b.
2
Let y(x) = 4*x**3 - 4*x**2 + 4*x - 3. Let z be y(2). Let n(h) = 7*h. Let t be n(2). What is the highest common factor of z and t?
7
Suppose 0 = -m + 2*m + c - 18, 0 = 5*m - 2*c - 62. What is the greatest common divisor of 126 and m?
14
Let b be (4 - (-21)/(-3) - -4)*11. Let d(w) = 22*w**2. Let n be d(1). What is the highest common factor of n and b?
11
Suppose 40 + 2 = 3*g. Calculate the highest common factor of 154 and g.
14
Let w be (-9)/(-4) - (-6)/8. Suppose -3*f + 3*k = k - 8, -f = w*k - 21. Suppose 2 = -s + f. What is the highest common factor of s and 28?
4
Let t = 131 + -113. Suppose -10 = -3*y + 17. Calculate the highest common factor of t and y.
9
Let z(h) = h**3 + 5*h**2. Let x be z(-4). Suppose a + 3*a = x. Let c = a + -2. What is the greatest common factor of c and 18?
2
Suppose -2*u + 40 + 2 = 0. Suppose 3*v = 5*h + 60, 3*v + 0*v = h + 48. Suppose o = 22 - v. Calculate the highest common divisor of u and o.
7
Suppose -3*f - 4*d + 20 - 7 = 0, 3*f = -5*d + 11. Suppose -4*n - 33 = -f*n. Let s be 1*-2 + n/1. Calculate the highest common factor of 27 and s.
9
Suppose 3 + 5 = 4*w. Suppose 2*i = 10, 4*p - 13 - 9 = w*i. Calculate the greatest common factor of p and 88.
8
Let z be (-6)/36 - (-1342)/(-12). Let t = 157 + z. Suppose 0 = 4*x - 20, 4*v - 52 = -5*x - 7. What is the highest common div